14267 a composite number?
True
Is 9409 composite?
True
Is 27427 a prime number?
True
Is 661651 a prime number?
False
Is 193823 prime?
False
Is 4511 prime?
False
Is 783905 prime?
False
Is 46049 a composite number?
False
Is 91667 composite?
True
Is 164987 composite?
False
Is 1357619 a prime number?
True
Is 20573 a composite number?
True
Is 91477 a prime number?
False
Is 2179 a composite number?
False
Is 1012079 composite?
False
Is 1559 a composite number?
False
Is 1698821 prime?
True
Is 39493 a composite number?
True
Is 53681 prime?
True
Is 33997 prime?
True
Is 518863 a composite number?
False
Is 11569 a prime number?
False
Is 944233 a composite number?
False
Is 113569 a prime number?
False
Is 277411 a prime number?
True
Is 10597 a composite number?
False
Is 4391 composite?
False
Is 1757 prime?
False
Is 28117 prime?
False
Is 46385 composite?
True
Is 2901 composite?
True
Is 3563 a composite number?
True
Is 2897 a prime number?
True
Is 1541509 a composite number?
True
Is 9998 prime?
False
Is 503933 a prime number?
False
Is 9607 prime?
False
Is 77759 prime?
False
Is 92551 prime?
True
Is 66911 a composite number?
True
Is 267323 a composite number?
True
Is 29261 a composite number?
True
Is 14841841 a prime number?
False
Is 113 a composite number?
False
Is 164627 a composite number?
False
Is 117399 a prime number?
False
Is 1074403 prime?
False
Is 37717 a prime number?
True
Is 3386 composite?
True
Is 2722 a prime number?
False
Is 19821 a prime number?
False
Is 2414803 a composite number?
False
Is 175597 a composite number?
True
Is 76759 prime?
False
Is 96609 prime?
False
Is 839 a composite number?
False
Is 504047 prime?
True
Is 83537 a prime number?
True
Is 26303 a composite number?
True
Is 46381 composite?
False
Is 101663 a composite number?
False
Is 8353 a composite number?
False
Is 9091 a prime number?
True
Is 613805 a prime number?
False
Is 147093 prime?
False
Is 96839 a composite number?
True
Is 21005 composite?
True
Is 1387403 prime?
True
Is 17447 prime?
False
Is 13259 a composite number?
False
Is 1751 a composite number?
True
Is 372107 prime?
True
Is 65213 prime?
True
Is 308951 composite?
False
Is 167663 a prime number?
True
Is 37211 a prime number?
False
Is 57991 prime?
True
Is 1587499 composite?
False
Is 4801 prime?
True
Is 49981 a prime number?
False
Is 21433 composite?
False
Is 29179 a prime number?
True
Is 22702 prime?
False
Is 7151 prime?
True
Is 7778 composite?
True
Is 80537 composite?
False
Is 189547 prime?
True
Is 3697 prime?
True
Is 1289777 prime?
False
Is 991883 prime?
True
Is 55509 prime?
False
Is 48817 composite?
False
Is 9533 a prime number?
True
Is 2474 a prime number?
False
Is 187307 a prime number?
False
Is 1107317 composite?
False
Is 1347559 a composite number?
True
Is 2861 composite?
False
Is 10289 prime?
True
Is 404951 prime?
True
Is 67729 a composite number?
True
Is 111653 a prime number?
True
Is 2271 a prime number?
False
Is 161717 prime?
True
Is 1062197 prime?
True
Is 18227 composite?
True
Is 18169 prime?
True
Is 152953 composite?
False
Is 38903 a prime number?
True
Is 755861 prime?
True
Is 2579 a composite number?
False
Is 33083 composite?
False
Is 3181 prime?
True
Is 5539 prime?
False
Is 538423 prime?
True
Is 377537 prime?
True
Is 335163 a prime number?
False
Is 95869 a composite number?
False
Is 6547 composite?
False
Is 100027 prime?
False
Is 136478 a composite number?
True
Is 103807 a composite number?
True
Is 4009 a prime number?
False
Is 2657 a prime number?
True
Is 1015717 prime?
False
Is 8501 a composite number?
False
Is 1189 composite?
True
Is 7297 prime?
True
Is 31549 prime?
False
Is 1310927 a prime number?
True
Is 40577 composite?
False
Is 217993 prime?
False
Is 532093 a composite number?
False
Is 227729 composite?
False
Is 18101 a prime number?
False
Is 392911 composite?
False
Is 344761 a composite number?
True
Is 74597 prime?
True
Is 67227 a composite number?
True
Is 1983817 a prime number?
False
Is 19945 a composite number?
True
Is 35071 prime?
False
Is 62151 prime?
False
Is 65573 a composite number?
True
Is 276073 composite?
True
Is 21257 a prime number?
False
Is 150667 a prime number?
False
Is 1602589 a composite number?
False
Is 144479 a prime number?
True
Is 1553113 prime?
False
Is 37871 prime?
True
Is 26141 prime?
True
Is 318821 a composite number?
True
Is 5001 prime?
False
Is 481737 a prime number?
False
Is 99649 a composite number?
True
Is 230973 a composite number?
True
Is 641635 composite?
True
Is 131983 a prime number?
False
Is 3343 prime?
True
Is 318847 a prime number?
False
Is 1464909 composite?
True
Is 60341 composite?
True
Is 27443 a composite number?
True
Is 18661 a prime number?
True
Is 193031 a prime number?
True
Is 25811 a prime number?
False
Is 28777 a composite number?
True
Is 96221 composite?
False
Is 39361 a composite number?
True
Is 152227 prime?
False
Is 112031 prime?
True
Is 977 prime?
True
Is 118387 prime?
True
Is 2215 composite?
True
Is 154643 a composite number?
False
Is 423191 composite?
False
Is 19237 prime?
True
Is 12659 a prime number?
True
Is 49291 prime?
False
Is 190471 prime?
True
Is 157229 prime?
True
Is 937439 prime?
False
Is 13901 prime?
True
Is 1937 a composite number?
True
Is 394879 composite?
False
Is 2751139 a composite number?
True
Is 81629 a prime number?
True
Is 7715 a composite number?
True
Is 168247 prime?
True
Is 50395 a prime number?
False
Is 4409 prime?
True
Is 82003 composite?
False
Is 21559 a prime number?
True
Is 5347 composite?
False
Is 973253 a prime number?
True
Is 108913 prime?
False
Is 7177 composite?
False
Is 127913 prime?
True
Is 52679 a prime number?
False
Is 81739 prime?
False
Is 386077 composite?
True
Is 131129 composite?
False
Is 53819 composite?
False
Is 53479 a composite number?
False
Is 45767 prime?
True
Is 247223 a composite number?
False
Is 236143 composite?
False
Is 1507 composite?
True
Is 82757 prime?
True
Is 101581 prime?
True
Is 11699 a prime number?
True
Is 991 composite?
False
Is 49483 composite?
True
Is 14206 prime?
False
Is 22187 composite?
True
Is 3137 prime?
True
Is 924523 a composite number?
False
Is 10481 composite?
True
Is 2064031 prime?
True
Is 52379 composite?
False
Is 61003 composite?
True
Is 160831 composite?
True
Is 553351 a prime number?
True
Is 346039 a composite number?
False
Is 35353 prime?
True
Is 76029 prime?
False
Is 1701707 prime?
False
Is 4034 a composite number?
True
Is 32117 a composite number?
False
Is 20157 a composite number?
True
Is 9871 a composite number?
False
Is 1998619 prime?
False
Is 561667 composite?
False
Is 53349 a prime number?
False
Is 859 a composite number?
False
Is 1361 composite?
False
Is 3844553 composite?
True
Is 4547 a prime number?
True
Is 20103 prime?
False
Is 431474 a composite number?
True
Is 485311 a composite number?
False
Is 131731 prime?
True
Is 44371 a prime number?
True
Is 434183 composite?
True
Is 2393 a prime number?
True
Is 8921863 a composite number?
False
Is 13834 a prime number?
False
Is 80303 composite?
True
Is 876181 composite?
False
Is 291565 prime?
False
Is 18407 prime?
False
Is 21829 a composite number?
True
Is 128735 prime?
False
Is 10517 a composite number?
True
Is 329261 composite?
True
Is 24169 a prime number?
True
Is 39359 composite?
False
Is 695171 composite?
False
Is 10561 prime?
False
Is 1839449 prime?
True
Is 47083 a composite number?
True
Is 4322 prime?
False
Is 3186845 prime?
False
Is 322397 composite?
False
Is 314299 composite?
False
Is 229093 a composite number?
False
Is 677893 prime?
False
Is 601993 prime?
False
Is 14813 prime?
True
Is 24793 composite?
False
Is 130069 prime?
True
Is 13753 composite?
True
Is 301447 prime?
True
Is 68689 prime?
False
Is 13499 a composite number?
False
Is 110771 prime?
True
Is 18499 a composite number?
True
Is 49727 composite?
False
Is 52483 a composite number?
True
Is 94397 a composite number?
False
Is 3611 a composite number?
True
Is 7453 prime?
False
Is 47818 a composite number?
True
Is 25163 a composite number?
False
Is 189235 prime?
False
Is 69991 a composite number?
False
Is 12763 a composite number?
False
Is 119542 a composite number?
True
Is 1545749 a composite number?
True
Is 18013 composite?
False
Is 12587 a prime number?
False
Is 33287 a prime number?
True
Is 1851893 composite?
True
Is 243343 a prime number?
Tru